, 1936057
List the prime factors of 33700161.
3, 11, 1021217
What are the prime factors of 18723212?
2, 29, 161407
List the prime factors of 6148699132.
2, 29, 1597, 33191
What are the prime factors of 276369423?
3, 11, 1601, 5231
List the prime factors of 2874349670.
2, 5, 479, 600073
List the prime factors of 1880308131.
3, 13, 31, 1555259
List the prime factors of 45836433.
3, 5092937
List the prime factors of 407320477.
2339, 174143
What are the prime factors of 2678438715?
3, 5, 11351, 15731
What are the prime factors of 12994397?
13, 83, 12043
List the prime factors of 214683115.
5, 42936623
List the prime factors of 4599175770.
2, 3, 5, 7, 1042897
What are the prime factors of 480659350?
2, 5, 71, 1907
List the prime factors of 150635573.
11, 73, 149, 1259
List the prime factors of 116229304.
2, 23, 631681
What are the prime factors of 2871928611?
3, 587, 543617
List the prime factors of 1446213885.
3, 5, 17, 5671427
What are the prime factors of 2559541331?
43, 59524217
List the prime factors of 652207992.
2, 3, 17, 41, 127, 307
What are the prime factors of 59441613?
3, 7, 11, 149, 157
What are the prime factors of 979050903?
3, 419, 778879
List the prime factors of 116433852.
2, 3, 43, 47, 4801
What are the prime factors of 204353585?
5, 151, 270667
What are the prime factors of 623391570?
2, 3, 5, 6926573
What are the prime factors of 235514412?
2, 3, 7, 61, 5107
What are the prime factors of 9747328?
2, 271, 281
List the prime factors of 160429346.
2, 7, 11, 151, 6899
What are the prime factors of 1987826607?
3, 13, 19, 894209
What are the prime factors of 1453605208?
2, 11, 181, 263, 347
What are the prime factors of 594456448?
2, 1489, 3119
List the prime factors of 2635847604.
2, 3, 13, 1193, 4721
What are the prime factors of 2445539781?
3, 227, 3591101
What are the prime factors of 36529426?
2, 409, 44657
What are the prime factors of 18071765?
5, 17, 107, 1987
List the prime factors of 101592119.
17, 5976007
List the prime factors of 44910870.
2, 3, 5, 19, 78791
What are the prime factors of 1048151369?
1048151369
What are the prime factors of 1078291558?
2, 539145779
What are the prime factors of 2784314553?
3, 17, 4969, 10987
List the prime factors of 47415818.
2, 89, 266381
What are the prime factors of 7421780903?
3517, 2110259
What are the prime factors of 101877722?
2, 109, 467329
What are the prime factors of 40649478?
2, 3, 727, 9319
What are the prime factors of 1298095653?
3, 43, 1009, 9973
List the prime factors of 1007834749.
17, 37, 1602281
List the prime factors of 761134873.
43, 47, 137, 2749
List the prime factors of 3563054782.
2, 7, 29, 8775997
What are the prime factors of 690714893?
11, 62792263
What are the prime factors of 2159348933?
7, 308478419
List the prime factors of 6730332.
2, 3, 7, 19, 4217
List the prime factors of 1378863513.
3, 51069019
List the prime factors of 227273189.
11, 13, 23, 43, 1607
What are the prime factors of 741683304?
2, 3, 1144573
List the prime factors of 746352018.
2, 3, 41464001
What are the prime factors of 234907574?
2, 11, 1091, 9787
What are the prime factors of 667831664?
2, 109, 167, 2293
List the prime factors of 150442643.
13, 163, 70997
What are the prime factors of 16459071?
3, 47, 116731
List the prime factors of 6011752882.
2, 18773, 160117
List the prime factors of 77507248.
2, 7, 13, 53233
What are the prime factors of 1074156714?
2, 3, 59, 12487
List the prime factors of 184328042.
2, 17, 5421413
What are the prime factors of 5693181505?
5, 11, 71, 1457921
List the prime factors of 6741018.
2, 3, 374501
List the prime factors of 31780485.
3, 5, 11, 21401
List the prime factors of 9002881.
1279, 7039
List the prime factors of 1731533845.
5, 346306769
List the prime factors of 21168983.
11, 19, 101287
What are the prime factors of 24628191?
3, 7, 521, 2251
List the prime factors of 101197921.
11, 59, 211, 739
What are the prime factors of 3456825?
3, 5, 46091
What are the prime factors of 37305354?
2, 3, 241, 25799
What are the prime factors of 280615082?
2, 11, 12755231
List the prime factors of 41895732.
2, 3, 3491311
List the prime factors of 77241413.
29, 2663497
What are the prime factors of 1250032013?
37, 809, 41761
List the prime factors of 496186383.
3, 7, 11, 23, 61, 1531
List the prime factors of 3601086633.
3, 7283, 18313
List the prime factors of 2028206698.
2, 7, 29, 47, 157, 677
What are the prime factors of 37727332?
2, 9431833
List the prime factors of 1582173102.
2, 3, 17, 31, 16141
List the prime factors of 1538926668.
2, 3, 349, 40829
List the prime factors of 6825685.
5, 1365137
List the prime factors of 1367321728.
2, 10682201
List the prime factors of 41168013.
3, 37, 370883
What are the prime factors of 7073929?
853, 8293
List the prime factors of 356690196.
2, 3, 607, 5441
List the prime factors of 534028178.
2, 37, 7216597
List the prime factors of 1352475060.
2, 3, 5, 37, 359, 1697
What are the prime factors of 413989989?
3, 7, 19713809
List the prime factors of 22636967.
2887, 7841
What are the prime factors of 13775313?
3, 4591771
What are the prime factors of 96600016?
2, 43, 140407
What are the prime factors of 666042773?
11, 60549343
List the prime factors of 25932716.
2, 2411, 2689
List the prime factors of 7514882887.
31, 3719, 65183
List the prime factors of 278459496.
2, 3, 7, 569, 971
What are the prime factors of 39219913?
43, 97, 9403
List the prime factors of 829496641.
829496641
List the prime factors of 5541573416.
2, 3371, 205487
What are the prime factors of 483236274?
2, 3, 439, 183461
What are the prime factors of 1437033786?
2, 3, 239505631
What are the prime factors of 94438481?
94438481
What are the prime factors of 471082916?
2, 117770729
List the prime factors of 86471344.
2, 59, 139, 659
List the prime factors of 52661076.
2, 3, 13, 23, 1129
List the prime factors of 99367496.
2, 37, 43, 211
What are the prime factors of 1043873989?
1043873989
List the prime factors of 1279661467.
7, 43, 98869
List the prime factors of 4460184460.
2, 5, 43, 5186261
What are the prime factors of 25036251?
3, 29, 31, 9283
What are the prime factors of 507435928?
2, 63429491
What are the prime factors of 13505473?
677, 19949
List the prime factors of 1001170689.
3, 53, 6296671
What are the prime factors of 542859709?
7, 77551387
What are the prime factors of 1599194688?
2, 3, 7, 13, 91529
List the prime factors of 207128331.
3, 37, 16811
List the prime factors of 3747649530.
2, 3, 5, 6871, 18181
List the prime factors of 237312561.
3, 37, 73, 29287
What are the prime factors of 3128272345?
5, 11, 193, 294703
List the prime factors of 4846871155.
5, 7, 138482033
List the prime factors of 2400151253.
43, 55817471
What are the prime factors of 15943774?
2, 7, 11, 19, 5449
List the prime factors of 2189624398.
2, 13, 1249, 67427
What are the prime factors of 65879462?
2, 11, 37, 80933
What are the prime factors of 487034983?
487034983
What are the prime factors of 581848316?
2, 7, 137, 151681
List the prime factors of 245010600.
2, 3, 5, 79, 1723
List the prime factors of 1586418839.
677, 2343307
What are the prime factors of 39597952?
2, 309359
What are the prime factors of 6130776?
2, 3, 467, 547
What are the prime factors of 13693369?
59, 232091
What are the prime factors of 419158636?
2, 13, 599, 13457
What are the prime factors of 7071571520?
2, 5, 13, 1699897
What are the prime factors of 59092393?
59092393
What are the prime factors of 3992579292?
2, 3, 13, 23, 29, 38371
List the prime factors of 848026872.
2, 3, 7, 11, 151, 1013
List the prime factors of 33729763.
2971, 11353
List the prime factors of 2058271707.
3, 311, 499, 4421
What are the prime factors of 3706075198?
2, 7, 41, 6456577
What are the prime factors of 195884466?
2, 3, 32647411
What are the prime factors of 6235578245?
5, 13, 8363, 11471
What are the prime factors of 104025554?
2, 823, 63199
What are the prime factors of 692520025?
5, 431, 64271
What are the prime factors of 622366360?
2, 5, 7, 11, 202067
What are the prime factors of 811411960?
2, 5, 20285299
List the prime factors of 38863117.
38863117
List the prime factors of 1422093935.
5, 284418787
What are the prime factors of 2787423162?
2, 3, 149, 3117923
What are the prime factors of 99411991?